sor of h and 12?
12
Let l be 1*1/((-5)/(-115)). Suppose -4*i = m - l, -139 = -5*m + 4*i - 0. What is the greatest common divisor of m and 108?
27
Let j(s) = -s**2 + 10*s + 3. Let m be j(7). Let g be (-12)/2 - m/(-8). Let i be g + 5 - 0/2. Calculate the highest common divisor of i and 2.
2
Let q = 98 - 94. Suppose 5*i - x - 95 = -0*i, 2*i + 3*x - 55 = 0. Suppose -3*o = -o - i. Calculate the greatest common divisor of o and q.
2
Let h(i) = i**2 - 8*i + 13. Let a = 6 + 3. Let t be h(a). Suppose 16*z + 132 = 20*z. Calculate the greatest common divisor of z and t.
11
Suppose 5*g - 8 = 4*g. Suppose -13*o + 40 = -g*o. Let t be (o/(-2))/(-6 + 5). Calculate the greatest common divisor of t and 12.
4
Suppose -2*t = -3*z + 3756 - 582, z = 5*t + 1058. Calculate the highest common factor of z and 23.
23
Let p be ((-5)/4)/((-5)/20). Suppose -p*b + 18 + 27 = 0. Let g(z) = z**2 + 7*z + 3. Let i be g(-12). What is the greatest common divisor of b and i?
9
Let p(u) be the second derivative of 13*u**3/3 + 14*u. Let q be p(1). Calculate the highest common factor of q and 26.
26
Suppose -496*i - 216 = -505*i. What is the highest common factor of i and 36?
12
Let c be 7 - (-15)/(2 + 3). What is the highest common factor of c and 710?
10
Let d = -176 - -177. Let v(u) = u**2 - 3*u + 2. Let o be v(4). Let g(p) = p**2 - 4*p - 3. Let y be g(o). What is the greatest common factor of d and y?
1
Let r(s) = s**3 - 35*s**2 + 70*s - 122. Let a be r(33). What is the greatest common factor of a and 790?
10
Suppose 0 = 5*u - 5*s - 855, -7*s + 8*s = -5*u + 843. What is the greatest common factor of u and 52?
13
Let o = -839 + 869. What is the highest common factor of 35 and o?
5
Suppose 0 = -2*g - t + 21, 5*t = 4*g - 22 - 13. Let k be (-4)/g*(-47 - -7). Calculate the greatest common divisor of k and 48.
16
Suppose 0 = 10*n - 13*n + a + 47, -6 = 3*a. What is the highest common factor of 2535 and n?
15
Let g(x) = -3*x - 128. Let m be g(-43). What is the highest common divisor of m and 31?
1
Let h(b) = 3*b**3 - 15*b**2 + 11*b + 13. Let s be h(6). Calculate the greatest common factor of s and 85.
17
Suppose -4*q + 2 = 2*f, 0 = 5*f - 5*q + 4*q - 5. Calculate the greatest common factor of 9 and f.
1
Suppose -u - 3*a + 56 = -2*a, -u - 5*a = -60. Let g = u + -7. Suppose -2*c = 4*v - 138, -5*v + 76 = -2*v - 4*c. What is the greatest common factor of g and v?
16
Let k(t) = -2*t**2. Let g be k(1). Let j = g - -7. Suppose 5*q - 68 = 7. Calculate the highest common factor of j and q.
5
Let g be (12 - 29)*4/(-4). Let c = -15 + 32. What is the highest common factor of c and g?
17
Let p = 313 - 291. Let n(d) = 2*d**2 - 12*d + 12. Let j be n(8). What is the greatest common factor of j and p?
22
Let t be 17 + ((-14)/(-21))/(2/3). Calculate the greatest common factor of 36 and t.
18
Let n = 104 + -54. Let g = 48 + n. What is the greatest common factor of 147 and g?
49
Let c(v) = -v**3 + v**2 - 3*v + 1269. Let m be c(0). What is the highest common divisor of 47 and m?
47
Let z(x) = -x**3 + 0*x**3 + 490*x - 489*x + 26 - 11*x**2. Let i be z(-11). What is the highest common factor of 75 and i?
15
Suppose -2*m + 4 + 6 = 0. Suppose 0 = n + 2*n + m*x - 619, 5*x = 5*n - 965. Calculate the highest common divisor of n and 18.
18
Let p = 3 - 4. Let y(h) = 14*h**2 + h + 1. Let u be y(p). What is the highest common factor of 126 and u?
14
Suppose 476 = -3*z - 4*z. Let u = -56 - z. Calculate the highest common divisor of 36 and u.
12
Suppose -2*f + 4*f - 24 = 0. Let u = 177 - 45. What is the highest common factor of u and f?
12
Let p = 10 - 4. Suppose -p*y + 3 = -15. Suppose -b - 2*g = -5, -b = -y*b + 5*g + 55. Calculate the highest common factor of b and 120.
15
Suppose 6 = 2*f - 0, -3*f = 4*t + 7. Let y be (9/t)/(1/(-4)). What is the highest common divisor of y and 9?
9
Suppose -3*b + 16 = -2*g, 3*b + 6*g - 2*g = -14. Calculate the highest common factor of 18 and b.
2
Let f(a) = a**3 - 43*a**2 - 42*a - 71. Let w be f(44). Calculate the highest common divisor of w and 2363.
17
Suppose 0 = -0*d - 6*d + 42. Suppose 11*i - 40 = d*i. Suppose i*f - 11*f = -12. What is the highest common divisor of f and 84?
12
Suppose -4*z + 8 = -6*z, 3*n + 3*z - 60 = 0. Calculate the highest common factor of n and 108.
12
Let m = -404 + 503. Calculate the greatest common factor of 18 and m.
9
Let b(s) = s**3 + 11*s**2 - 19*s - 14. Let g be b(-12). Suppose 4*h = -4*l + 100, -h + 2*l = 3*h - g. What is the greatest common factor of h and 220?
20
Suppose 0 = 10*m - 98 - 42. What is the greatest common divisor of m and 112?
14
Suppose 0 = 3*m + m - 80. Let f = -3 - -12. Suppose h = 1 + f. Calculate the greatest common factor of h and m.
10
Let q = 1165 - 1123. Let d be 226/8 + (-2)/8. Calculate the greatest common divisor of q and d.
14
Let m = -128 + 91. Let y = m - -10. Let d be (y/(-36))/(2/336). What is the greatest common divisor of 14 and d?
14
Suppose 0 = 4*u + 4*a - 16, 2*u - 2*a + 8 = -0*u. Suppose 4*d - 2*o = -u*o + 128, -4*d + 138 = 3*o. Calculate the greatest common divisor of d and 231.
33
Suppose 2*a + 398 = q, 19*q = 21*q + 3*a - 803. What is the greatest common factor of 48 and q?
16
Suppose -5*y - 137 = -4*s, -s + 8 + 24 = y. Suppose r - 11 = -2*d, d = -4*r + 2*d + 8. Calculate the highest common factor of r and s.
3
Suppose 2861 = 5*v - g, -4*v - 4*g = -3258 + 974. Suppose 2*q - 6*q + v = 0. Calculate the greatest common factor of q and 13.
13
Let x = 20 - -375. Calculate the highest common factor of 5 and x.
5
Let q(y) = -21 + 1392*y**2 - 14*y - 1389*y**2 - 58. Let g be q(11). Let a be (-134)/(-10) - (-2)/(-5). Calculate the greatest common divisor of a and g.
13
Let d = 8 + 19. Let u(k) = 0*k**2 + 10*k**2 - k**3 - 12 - 14*k + 6. Let x be u(6). What is the highest common divisor of d and x?
27
Suppose 100 + 250 = 5*i. What is the highest common divisor of i and 35?
35
Suppose 0 = -5*q + 3 + 12. Suppose -2*k + 14 = 2*c, -k + q*c + 3 = 2*k. Suppose -k*n = -68 - 4. What is the highest common divisor of n and 198?
18
Suppose 2*b - 81 - 611 = 0. Let q be b/10 + (-2)/(-5). Calculate the greatest common factor of 385 and q.
35
Let q(g) = -g**2 - 8*g + 13. Let u be q(-8). Let w(t) = -t**3 + t**2 + t - 2. Let c be w(-4). Let m be 4/6 + c/6. What is the highest common divisor of m and u?
13
Let t(q) = -q**3 - 3*q**2 + 4*q + 1. Let v(m) = 4*m**3 - 1. Let x be v(-1). Let w be t(x). Calculate the greatest common factor of w and 62.
31
Suppose -46 = -2*h - 4*o, 4*o - 31 = -168*h + 167*h. What is the highest common divisor of h and 420?
15
Let q be 1575/(-10)*24/(-54). Calculate the highest common divisor of 266 and q.
14
Let q = -18 - -37. Suppose i = -f + 2*i + 82, -62 = -f - 4*i. Let l be f - (0/(-2) + 2). What is the greatest common divisor of q and l?
19
Let x = -12 - -16. Suppose 2*q + x*f = -10, 3*f + 8 = -2*q + 2. Let n be q*((-10)/3)/(-2). Calculate the greatest common factor of n and 5.
5
Let o(i) = -3*i - 4. Let b be o(-5). Let d = -14 + -2. Let n = d - -137. What is the highest common divisor of b and n?
11
Let a(p) = 15*p**2 - 19*p - 6. Let n(i) = 7*i**2 - 9*i - 3. Let d(m) = -6*a(m) + 13*n(m). Let l be d(-3). Calculate the greatest common divisor of 30 and l.
15
Let n be (-8 + 2)*9/(-6). Let q(j) = 4*j + 2 - n + j. Let g be q(5). Calculate the highest common factor of 198 and g.
18
Let w be -4*-134*3/6. Suppose 3*s = -58 + w. Calculate the highest common divisor of s and 28.
14
Suppose 190*v - 185*v = 320. What is the highest common divisor of 32 and v?
32
Let o(u) = 0*u + 6 + 5*u - 1 - 2. Let f be o(2). What is the highest common divisor of 91 and f?
13
Let l = 6 + 10. Let b(o) be the second derivative of 3*o**4/2 - 2*o**3/3 + o**2 - 7*o. Let h be b(-3). What is the greatest common factor of h and l?
16
Suppose -11*n - 13 = -222. What is the greatest common factor of n and 1?
1
Let x be -1*654/(-18) - 6/18. Let p be 1/4 + 3166/8. What is the greatest common divisor of x and p?
36
Let r be (0 - 26)*(3 + -2) - 2. Let n be (r/(-10))/(3 - 13/5). Calculate the greatest common factor of n and 1.
1
Let w = 2868 - 1716. What is the highest common divisor of 36 and w?
36
Let x = -11 + 6. Let l be (x*(-1)/15)/((-1)/(-87)). Calculate the greatest common divisor of 203 and l.
29
Let n(x) = 4*x**2 - 4*x + 2. Suppose -18*g - 